 r = -51 + 51. Suppose r = 2*i + u - 74 - 300, -575 = -3*i + 2*u. List the prime factors of i.
3, 7
List the prime factors of -3*((-39787)/11 - -10).
3, 3607
Suppose 2*f - 4*j = 1468, -75*f + 73*f - 5*j + 1477 = 0. List the prime factors of f.
2, 23
Let x(d) = 4258*d + 36. What are the prime factors of x(4)?
2, 17, 251
Suppose 9*a - 42657 - 21513 = -14661. List the prime factors of a.
5501
Suppose 58*l + 280 = 62*l. Let z = l + -78. List the prime factors of (-2679)/(-38)*z/(-6).
2, 47
Suppose 40660 = 4*t + 2*s - 4*s, 3*s = -4*t + 40680. Suppose 11*u = t - 3314. List the prime factors of u.
7, 89
Let o(c) = -318*c + 55. What are the prime factors of o(-5)?
5, 7, 47
Let u(v) = -v**3 - 42*v**2 + 35*v - 317. Let w be u(-43). Suppose 3*q - 52 = 5*q + 2*h, 4*q + h + 119 = 0. Let g = w - q. List the prime factors of g.
2, 29
Let i = -316 - -310. Let t(o) = -o**2 - 9*o + 32. List the prime factors of t(i).
2, 5
Let p(w) be the second derivative of 17*w - 3/20*w**5 - 1/6*w**4 + 13/2*w**2 + 0 + 4/3*w**3. List the prime factors of p(-3).
2, 13
Suppose 3*s + 5*j = -0*s + 310, 492 = 5*s - 4*j. Suppose 2*z - s - 330 = 0. Let f = -149 + z. List the prime factors of f.
2, 3, 11
Suppose -l = 2*l + c - 19, 5*l + 5*c = 35. Suppose -37*j = l*j - 5117. What are the prime factors of j?
7, 17
Let l be 12/(2*-1 + 3). Let r be ((-3)/(-4))/((-15)/(-60)). Suppose -z = 5*u - r*u - 117, 0 = 4*z - l. What are the prime factors of u?
3, 19
Suppose -10*f = -h - 143773, -71862 = 29*f - 34*f + 4*h. What are the prime factors of f?
2, 7, 13, 79
What are the prime factors of (3693/12)/(6 + 1428/(-240))?
5, 1231
Suppose 30*n + 18*n - 404619 = -85611. What are the prime factors of n?
2, 3323
Let l(j) = 27*j**2 - 17*j + 21. Let o be l(6). Let g = 1360 - o. What are the prime factors of g?
7, 67
Let n(h) be the third derivative of -53*h**4/24 + 29*h**3/6 + 38*h**2. Let s be n(4). Let l = s + 355. What are the prime factors of l?
2, 43
Let v(x) = 14*x - 102. Let c be v(8). List the prime factors of (c - (0 + -1))/((-82)/(-1886)).
11, 23
Let g(t) be the third derivative of t**5/5 + t**4/2 - 41*t**3/3 - 27*t**2 - 3*t. What are the prime factors of g(7)?
2, 5, 59
Suppose 2*u - 5*u - 6 = 0. Let h be u*((-5)/(-2) - 0 - 3). Suppose 4*q = 4*k + 512, -4*k - h = -2*q + 255. What are the prime factors of q?
2
Let v(w) = -7*w**3 - 243*w**2 - 22*w - 142. What are the prime factors of v(-36)?
2, 47, 131
Suppose -799024 - 402611 = -157*f + 22*f. What are the prime factors of f?
3, 23, 43
Let n = -288 + 288. Suppose n = 10*y + 14*y - 18096. What are the prime factors of y?
2, 13, 29
Let v = 84 + -558. Let l = v + 537. What are the prime factors of l?
3, 7
Suppose k + 3*k = 20. Suppose 0 = -5*c - 25, -k*z - 2*c - 790 = -6*c. Let h = z - -457. List the prime factors of h.
5, 59
Suppose 1 = 4*u + 13. Let t be (-1)/(4/(-24)*u). What are the prime factors of (-573)/(-9) + t/(-6)?
2
Let v(s) = 2*s - 12. Let j be v(6). What are the prime factors of j - 0 - (40/(-8) - 1)?
2, 3
Let g(j) = -j**3 + 8*j**2 - 11*j + 39. Let c be g(6). What are the prime factors of (-1952)/10*(c/(-10) + -3)?
2, 3, 61
Suppose -6*y = -5*n - 341172, 0 = -13*y + 10*y - 4*n + 170547. List the prime factors of y.
56857
Let z = 95 - 91. Let i(n) = -n**3 - n**2 + 4*n - 7. Let u be i(-6). Suppose -255 = -z*a + u. What are the prime factors of a?
101
Let b = -3009 + 4823. What are the prime factors of b?
2, 907
Suppose -5*c = 4*i - 5115, -3*i = -2*i - 3*c - 1283. Let j = i - 749. What are the prime factors of j?
3, 59
Suppose -304 - 281 = -15*k. What are the prime factors of k/(-9) + 3 + 2118/9?
2, 3, 13
Let c be (-64)/12*(-6)/4 + -4. Suppose t + 849 = c*f - 83, 3*f - 698 = t. List the prime factors of f.
2, 3, 13
Let h(j) = -j**2 + 2*j + 38. Let q be h(7). Suppose c - 5*i - q = 0, -4 = 5*c + i - 19. Suppose -c*r = 2*r - 150. List the prime factors of r.
2, 3, 5
Let t(s) = 34*s + 844. List the prime factors of t(16).
2, 347
Let q(x) = 1150*x - 7. Let b(j) = -575*j + 4. Let c(r) = -5*b(r) - 2*q(r). What are the prime factors of c(1)?
569
Let i = -11 + 14. Let v(z) = z**2 - z - 4. Let d be v(i). Suppose d*f - 1572 = -10*f. List the prime factors of f.
131
Suppose -4*d = -16, -5*p + 0*d + 105931 = -d. Suppose 7460 + p = 27*l. What are the prime factors of l?
1061
Let x(m) = 5*m - 15. Let b be x(3). Suppose a - 2*a - 3*z + 502 = 0, b = -3*a + 5*z + 1506. List the prime factors of a.
2, 251
List the prime factors of 8*(-24)/144 + (44668/3 - 2).
2, 3, 827
Suppose 3*n + 2*o = -2*n - 84, 2*n = -4*o - 40. Let d(t) = -2*t + 5. List the prime factors of d(n).
37
Let b(u) = 3*u**2 - 10. Let q be b(2). Suppose -1566 = -4*c + 3*a, a - 938 + 150 = -q*c. What are the prime factors of c?
3, 131
Let j(x) = 108*x + 209. Let q be j(-2). Let t = -12 - 1. List the prime factors of t/(-4)*(-84)/q.
3, 13
Let m = 8641 + -7756. List the prime factors of m.
3, 5, 59
Let n be (-8)/(-5) + ((-17)/(-5) - 3). Suppose 0 = -2*x + 4*c + c - 1, -3*c + 7 = n*x. What are the prime factors of (-314)/(-12) + x/(-12)?
2, 13
Suppose 9348 = 9*h - 14160. List the prime factors of h.
2, 653
Let a(w) = -w**3 + 8*w**2 - 10*w + 10. Let x be a(7). Let s = x - -16. What are the prime factors of (-2 - -24) + -9 + s?
2, 3
Suppose -2*z = -5*t + 86766, 123*z + 21 = 126*z. What are the prime factors of t?
2, 4339
Let a(z) = -4*z**2 - 6*z + 6. Let b be a(-9). Let h = 978 + -604. Let i = b + h. What are the prime factors of i?
2, 5, 11
Let g(u) = 1083*u - 2893. List the prime factors of g(6).
5, 7, 103
Suppose i = -j + 6 + 7, 0 = -2*j - 10. Let r = -18 + i. Suppose r = 10*s - 2*s - 128. List the prime factors of s.
2
List the prime factors of 15 + (-13 - -1) - -11*(-3264)/(-3).
11971
Let u = 14205 - 1469. List the prime factors of u.
2, 199
Let t be 1 - (2652/(-18) + (-3)/(-9)). Suppose -16 = -b + t. List the prime factors of b.
2, 41
Let o(q) = 2*q**3 - 95*q**2 + 74*q + 54. Let s be o(47). Let m = s + -644. List the prime factors of m.
7, 97
Suppose 0 = 14*c - 9201 - 8581 + 1542. What are the prime factors of c?
2, 5, 29
Suppose 6*q + 4 = 8*q + 2*i, -5*i = -4*q + 17. Suppose -4*o = 2*t - 2004, q*o = -2*t + 4*t + 1517. List the prime factors of o.
503
Let p be (-504)/(-180)*5/2. What are the prime factors of ((-2)/(8/(-1802)))/(p/14)?
17, 53
Let t(q) = 923*q**2 - 1. Let u be t(1). Suppose u + 1758 = -10*x. What are the prime factors of (1/(2/x))/(-2)?
67
Let c(y) = 129*y**2 + 19*y - 25. What are the prime factors of c(-7)?
6163
Suppose -24*h = -17*h + 14. List the prime factors of (-7 - 13)/(h/(-56)*-2).
2, 5, 7
Suppose 0 = -3*t - 5*s - 26451 + 150727, -20 = -4*s. List the prime factors of t.
83, 499
Suppose -i = -519*d + 524*d - 180677, -4*d + 144522 = -2*i. What are the prime factors of d?
2, 7, 29, 89
Let l = -1476 + 1921. What are the prime factors of l?
5, 89
Let c(w) = -11*w**3 + 4*w**2 - 3. Let v be c(1). List the prime factors of (-7888)/(-10) + -4*(-2)/v.
2, 197
Let r be 254716/330 - 6/(-45). Let q = r - -435. List the prime factors of q.
17, 71
Suppose 2 = -5*r + 9*r - 5*g, -25 = -5*r - 5*g. Suppose r = b - 1. Suppose -2*p + 186 = l, b = -5*l - p + 898. List the prime factors of l.
2, 89
Let h(a) = a**3 + 9*a**2 + 6*a - 16. Let c be h(-8). Suppose 4*t - 11 - 297 = c. Let j = t + -43. What are the prime factors of j?
2, 17
Let d be -186 - (-1 + (0/3 - 1)). Let a = -7 - 24. Let u = a - d. List the prime factors of u.
3, 17
Suppose 3*a - 16 = -a. Let c(t) = -4*t**2 - 170*t - 1203. Let j be c(-9). Suppose 5*r = -j*w + 292, a*r = 5*w - w - 432. What are the prime factors of w?
2, 13
Let q(s) = -14*s + 3. Let u(g) = -2*g + 10. Suppose f + d - 8 = 0, 0 = 2*f + 2*f - 4*d - 24. Let v be u(f). What are the prime factors of q(v)?
59
Suppose -3*i - 5*c + 240 = -486, -3*c - 702 = -3*i. Suppose 85*t - i = 82*t. What are the prime factors of t?
79
Let c(k) = 6*k**2 - 4*k - 23. Let p be c(-9). Let u = p + -237. Suppose 6*s - u = 3*s - 4*b, 3*s = 5*b + 253. List the prime factors of s.
2, 43
Let o be 310/40 + -8 + 133/4. Suppose 0 = 8*x + o*x - 5863. What are the prime factors of x?
11, 13
Let i(g) = 6674*g - 3327. What are the prime factors of i(10)?
7, 9059
Let i(d) = 2*d + 40. Let z be i(-20). Suppose -20*t + 31*t - 88 = z. Suppose -2*g = -x - 87, -t*x + 5*x = 5*g - 212. What are the prime fa